). Let z be ((-546)/(-49))/(1/k). Let n = z + -29. List the prime factors of n.
7
Let h(t) = 59*t + 47. What are the prime factors of h(6)?
401
List the prime factors of ((-904)/16)/((-5)/120).
2, 3, 113
What are the prime factors of (-10)/(-35) - 166/(-7)?
2, 3
Let r = 56 - 51. Suppose r*v + 18 = -3*c + 81, 43 = 4*v - 5*c. List the prime factors of v.
2, 3
Suppose -6*b + b + 13 = q, 0 = q + 2. Suppose 3*i - 4*r = -3*r + 314, 4*r - 304 = -b*i. Suppose 0 = 14*s - 10*s - i. List the prime factors of s.
2, 13
Suppose -25*r + 1717 = 492. Suppose 3*w + 18 = -27. Let l = w + r. What are the prime factors of l?
2, 17
Let m be (-16)/(-8) + 1 + -1. Suppose m*f = 3 + 3. List the prime factors of 117/18*(-1 + f).
13
Let s(q) = 247*q - 18. Let g be s(7). Suppose -5*w = -g + 51. What are the prime factors of w?
2, 83
Let y(z) = z**3 + 11*z**2 - 29*z + 26. List the prime factors of y(-12).
2, 5, 23
Let o(c) = c**3 + 2*c**2 - 7*c - 5. Let p be o(-4). Let h be (p + 10)/((-1)/51). Let d = 76 + h. What are the prime factors of d?
5
Suppose -13 - 9 = q - 5*r, -2*q = r - 11. Suppose -28 = -5*t - q. Suppose -3*h - 4*l = -37, h + t*l = 3*l + 15. What are the prime factors of h?
7
Suppose 6*j - 129 - 201 = 0. What are the prime factors of j?
5, 11
Suppose 4*g + 3*l = -2930, 9*l - 2191 = 3*g + 8*l. What are the prime factors of g*2/(-8) + (-8)/(-32)?
3, 61
Suppose 0 = -7*h + 15820 - 756. What are the prime factors of h?
2, 269
Suppose 0 = 5*d - 13054 - 10031. What are the prime factors of d?
3, 19
Let y = -7 + 7. Let w(k) = -k**2 + 37. List the prime factors of w(y).
37
Let s(p) = p**3 - 5*p**2 + 5*p + 1. Let o be s(4). Suppose 0 = -2*i - r - 3*r + 26, -i = -o*r + 22. List the prime factors of i.
3
Let z(j) = -3*j - 10. Let m(v) = -v**3 - 9*v**2 + 9*v - 14. Let t be m(-10). Let x be z(t). List the prime factors of (-3)/(x/(-12) + 0).
2, 3
Let z = -167 + 1899. List the prime factors of z.
2, 433
Suppose -9*z + 22820 = -25195. List the prime factors of z.
5, 11, 97
List the prime factors of (25/(-10))/((-5)/670).
5, 67
Suppose -2*c + 0*c - 100 = -5*a, 0 = 5*a - 4*c - 110. Suppose a = -7*j + 10*j. Suppose -2*l - 76 = -j*l. List the prime factors of l.
19
Let x be (5/(-20))/((-2)/16). Suppose -3*d = -0*d + 6, x*d = 3*j - 352. What are the prime factors of j?
2, 29
Let f be (-6)/(((-2)/(-8))/((-1)/4)). What are the prime factors of -4 + 156 - (-30)/f?
157
Suppose -2*v - v + 4*k = -12, -v - 4*k = 12. Let a be (-1)/3*v/(-2). Suppose -3 = -2*s - s, a = -5*n - s + 31. List the prime factors of n.
2, 3
Let t(q) = 474*q - 51. What are the prime factors of t(2)?
3, 13, 23
Let m = -246 - -471. List the prime factors of m.
3, 5
Suppose 2*q - 7 = -3*q + 3*n, 0 = -4*q + 4*n + 12. Let o(u) = -60*u**3 - u - 1. List the prime factors of o(q).
2, 3, 5
Let m(p) = -1409*p + 5. List the prime factors of m(-1).
2, 7, 101
Suppose -5*r + 5*s = -5, 0*r + r = -2*s + 10. Let j be r*(-1)/(-4) + -1. Suppose 2*y = -j*y + 56. What are the prime factors of y?
2, 7
Suppose -1276 = -9*o + 3152. List the prime factors of o.
2, 3, 41
Suppose 2*j + 8 - 16 = 0. Suppose -4*o = -2*q + 6, j*q = 3*o - 2*o + 47. What are the prime factors of q?
13
Let n(y) be the first derivative of -5 + 1/2*y**2 + 7*y. What are the prime factors of n(-4)?
3
Let s = 109 - 59. Suppose 5*u - 2*u = 0. Suppose 0 = -b - u*b + s. List the prime factors of b.
2, 5
Let b(r) = -r**3 + 8*r**2 - 7*r - 2. Let o(i) = i + 12. Let f be o(-6). What are the prime factors of b(f)?
2, 7
Let p be ((-5)/(-2))/((-20)/(-16)). Suppose -318 = -4*c - p*c. List the prime factors of c.
53
Suppose 5*n = 3*b - 959, 3*b - n - 979 = -0*n. List the prime factors of b.
2, 41
List the prime factors of 24/(-48) - 7/2 - -2364.
2, 5, 59
Suppose -8*p = -0*p - 2400. Suppose 5*d - p = -3*t, -7*t + 5*d + 270 = -4*t. List the prime factors of t.
5, 19
What are the prime factors of 16/24 + 21339/27?
7, 113
Let b be -2 + (2*-2)/(-1). Suppose -3*o + 90 = -2*n, b*n + 54 = 2*o - 8. Suppose 26 + o = 2*k. List the prime factors of k.
3
Let s = 9 + -4. Suppose -3*o + 2*v + 83 = s, -3*v = 9. List the prime factors of o.
2, 3
Let c(x) = 3*x**2 - 8*x + 7. What are the prime factors of c(18)?
5, 167
Let q(p) = -3*p. Let u be q(3). Let i be -5 - (-2)/(-2) - 0. List the prime factors of (-150)/u - i/(-9).
2
Suppose 25*k - 9912 = 20*k - c, 2*k - 3978 = 4*c. What are the prime factors of k?
3, 661
Let z(l) = -69*l**3 + 4*l**2 + 20. List the prime factors of z(-4).
2, 3, 5
Let b(x) = 9*x - 1. Let i be b(3). Let v = i + -18. Suppose -v = -2*d, -6*j + 24 = -5*j + d. What are the prime factors of j?
2, 5
Suppose -5*b = -g - 74, g - 3*b = 4 - 72. Let h be (-1 - (-1 + -84)) + 2. Let c = g + h. List the prime factors of c.
3
Suppose 643 = 2*d - 325. List the prime factors of d.
2, 11
Let h = -39 - -204. Suppose 3*v - h = -36. What are the prime factors of v?
43
What are the prime factors of -3*6/(-12)*704/3?
2, 11
Let u(q) = 171*q - 115. What are the prime factors of u(14)?
43, 53
Suppose -10*s + 4292 = -12908. List the prime factors of s.
2, 5, 43
Let j be -3 - -6 - (1 - 2). Suppose -5*l - j*c + 30 = c, 0 = -2*l + 4*c - 6. Suppose -5*s = z + 7 - 45, l*s + 134 = 5*z. List the prime factors of z.
2, 7
What are the prime factors of 82*2 - (9 - (5 + 3))?
163
Let a(u) = 949*u + 330. What are the prime factors of a(3)?
3, 353
Suppose 3*w - 1590 = -2*w. Suppose -w = -4*o - 46. What are the prime factors of o?
2, 17
Suppose -3*l = -3*v + v - 22, l = 2*v + 14. Let y = 92 - -103. Suppose -b + y = l*b. List the prime factors of b.
3, 13
Let g(k) = k**2 - 10*k - 6. Let t be g(11). Suppose -3*z - 2*j + 443 = -0*z, -t*z + 737 = 3*j. List the prime factors of z.
5, 29
Suppose 2*g + 4*x - 8 = 0, -2*g = g - 2*x + 4. Suppose w + n = 145, g = -2*w + 4*n - 96 + 398. List the prime factors of w.
3, 7
Suppose -4*a + 3*m - 39 = a, 5*a + 3*m = -51. Let j = a + 6. List the prime factors of 8/24 + (-26)/j.
3
Let g(o) = 4*o**2 + 9*o - 17. Let s be g(3). Suppose -s = -2*i + 182. List the prime factors of i.
2, 3, 19
Suppose m = -m - 16. Let j be m/(-12)*-3 + -12. Let n = j - -19. List the prime factors of n.
5
Let k = -44 - -49. Suppose k*t - 370 = -115. List the prime factors of t.
3, 17
Suppose -p - 2*i + 4 = 2*i, -16 = -4*p + 3*i. Suppose 0 = 4*l - 2*l + p, -r - 4*l = 8. Suppose -3*v + 63 + 33 = r. What are the prime factors of v?
2
Suppose -2*d + 5*u = -2, 2*d = -2*d - 4*u + 32. Suppose -69 - 237 = -d*x. List the prime factors of x.
3, 17
Suppose 4*q = 173 + 63. Let c = -41 + q. What are the prime factors of c?
2, 3
Let r = 779 + -666. What are the prime factors of r?
113
List the prime factors of 6 + (-3 + (4 - 5))*-7.
2, 17
Let b(l) = l - 4. Let q be b(6). Let i be -4 + (-54)/(-1 - q). What are the prime factors of 429/7 - 4/i?
61
Let z = 2081 - 136. What are the prime factors of z?
5, 389
Let j = 123 + -18. List the prime factors of j.
3, 5, 7
Let f = -56 + 29. List the prime factors of ((-3)/(f/384))/((-3)/(-9)).
2
Let v(m) be the second derivative of 7/6*m**3 + 0 + 13/2*m**2 - 12*m. List the prime factors of v(10).
83
Suppose 3*p = -h + 1092 + 1667, 0 = -5*p - 5*h + 4595. List the prime factors of p.
2, 5, 23
Suppose -7012 - 7772 = -8*q. List the prime factors of q.
2, 3, 7, 11
Let n(f) = -79*f + 260. What are the prime factors of n(-9)?
971
Suppose u + 36 = 2*x - 3*u, 10 = -5*u. Suppose x - 2 = -4*p. Let q = 26 + p. List the prime factors of q.
23
Suppose -3*v + 30 = -5*z, 0 = -4*v - 2*z - 2 + 16. Let y = 16 - v. Suppose -4*c + 87 = -5*o, -c + 4*o + y - 3 = 0. List the prime factors of c.
2, 7
Let l = 297 + -132. Suppose 2*m - 103 = 3*b, -3*m - 3*b + l = -4*b. What are the prime factors of m?
2, 7
Suppose -3*d - 2*d - 20 = 0, 4*o + d + 52 = 0. Let g = 6 - o. What are the prime factors of g?
2, 3
Suppose 0 = -20*x + 9*x + 9933. List the prime factors of x.
3, 7, 43
List the prime factors of (-974)/(-10) + ((-171)/15 - -11).
97
Let z(b) = b**3 - 9*b**2 + b. Let s be z(9). Suppose 4*i - 7 = s. What are the prime factors of i?
2
Suppose 27 = -q - 5*l + 4, -5*q + 4*l - 144 = 0. Let z = -1 - q. List the prime factors of z.
3
Let k be (-30)/25*(-20)/(-8)*-1. What are the prime factors of (-116)/(-8)*16*k/4?
2, 3, 29
Let i = 4219 + -2271. What are the prime factors of i?
2, 487
Suppose -99*l = -98*l. Suppose l =